 -g + 5*g + s*m - 119. Calculate the remainder when g is divided by 7.
5
Let w(i) = 2*i**3 - 3*i**2 + i - 2. Let p be w(3). Suppose -19*b = -15*b - p. What is the remainder when 75 is divided by ((-10)/b)/(6/(-84))?
15
Suppose 0 = 168*u - 163*u - 160. What is the remainder when 151 is divided by u?
23
What is the remainder when (-41 + -3)/((1 + -4)/6) is divided by 15?
13
Let q(c) = 3*c**2 + 21. Calculate the remainder when 718 is divided by q(3).
46
Let d(k) = k**3 - 26*k**2 + 25*k + 8. Let u be d(25). Suppose -18 = u*v - 138. Let y = -18 + 75. Calculate the remainder when y is divided by v.
12
Suppose -3*m - 27 = -2*k, k + 2*k + m - 46 = 0. What is the remainder when k is divided by 5?
0
Let o(c) = c**2 - 2*c - 37. Let y(k) = -2*k**2 - 12*k + 17. What is the remainder when o(8) is divided by y(-7)?
2
Suppose 15*o - 55 = 4*o. Calculate the remainder when 34 is divided by o.
4
What is the remainder when 105/7*(-28)/(-10) is divided by 35?
7
Suppose 5*t - 9*t = 0. Suppose 2*j + j - 87 = t. What is the remainder when j is divided by (-4)/(2 - (-15)/(-6))?
5
Suppose 12*d + 147 = 903. Suppose 5*u - 8 = 12. Suppose -21 = -u*b + 23. What is the remainder when d is divided by b?
8
Let o(k) = -76*k**2 - 2*k - 2. Let f be o(-1). Let z = 148 + f. Suppose -2*v + z = 24. What is the remainder when 46 is divided by v?
22
Let c(h) = -23*h + 13. Let y be c(3). Calculate the remainder when 43 is divided by y/(-5) - 3/45*3.
10
Let x = 1697 - 1688. Suppose 4*c + 3*i - 129 = 0, 2 = 2*i + 4. What is the remainder when c is divided by x?
6
Suppose 4*q + 0*l - 28 = 5*l, 4*l = -5*q + 76. What is the remainder when 45 is divided by q?
9
Suppose -7*w = -4*w + 12, 0 = 2*x + 3*w - 200. Calculate the remainder when x is divided by 18.
16
Let b = 25 + -18. Suppose 0 = b*j - 395 + 157. Calculate the remainder when j is divided by 9.
7
Let f = -109 - -196. What is the remainder when f is divided by (-3)/(2/(-12)*1)?
15
Suppose 0 = 9*y - 367 - 1118. Let w = 85 - 64. Calculate the remainder when y is divided by w.
18
Suppose -o + 2*t = -21, -o + 0*t + 3*t = -22. Calculate the remainder when o is divided by (-4)/(-1)*(-21)/(-12).
5
Suppose -2*t + 15 = t. Suppose 2*l + 3*g + t = 73, 8 = 2*g. Calculate the remainder when 166 is divided by l.
26
Let z be -254*(20/(-5) - -5). Let f = -145 - z. Calculate the remainder when f is divided by 22.
21
Suppose -12*h + 63 = -7*h + y, -4*h = -5*y - 62. Let g = 21 - -2. Calculate the remainder when g is divided by h.
10
Let i(d) = 5*d - d**2 + 1 - d**2 + 3*d**2. What is the remainder when i(2) is divided by 8?
7
Let i(k) = -k**3 + k**2 + 5*k + 3. Let r be i(-2). Suppose -4*s + 2*s = 5*w - 41, w - r = -2*s. Let x = w - -4. What is the remainder when 37 is divided by x?
11
Let s be (-2 - 0)*18/(-12). Suppose s*f - 32 = f. What is the remainder when 62 is divided by f?
14
Let n(d) = 9*d**2 + 3*d + 50. Calculate the remainder when n(-4) is divided by 37.
34
Suppose -6*h + 128 = -148. Let g = 196 - 60. What is the remainder when g is divided by h?
44
Let a = 18 + -14. Suppose -l + 6 = a*h, 5*l = 5*h + 86 - 6. Calculate the remainder when -2*5/((-40)/156) is divided by l.
11
Calculate the remainder when (20 - 261)*-1*1 is divided by 27.
25
Suppose 0 = 3*v + 2*v - 25, 0 = -3*b - 3*v + 330. Calculate the remainder when 419 is divided by b.
104
Let a = 1269 - 1170. What is the remainder when 890 is divided by a?
98
Let z = -186 + 320. Suppose -z = n - 6*n - 3*d, 2*d = 4*n - 116. Calculate the remainder when n is divided by 16.
12
Let u = 0 + 0. Suppose u*a + a = 1. Calculate the remainder when (-130)/(-50) - 3/5 is divided by a.
0
Let x(i) = 76*i - 1. Let r be x(1). Suppose a = 4*s - 688, -4*s - r = -4*a - 763. Suppose -c - s = -5*c. Calculate the remainder when c is divided by 11.
10
Calculate the remainder when ((-835)/(-20))/((52/32)/13) is divided by 14.
12
Suppose 0*z - 4*z + 72 = 0. Suppose -x + 1 = 6. Calculate the remainder when (-1)/(x/(-335)*-1) is divided by z.
13
Let a(c) = -c**3 + 18*c**2 - 11*c + 80. What is the remainder when a(17) is divided by 38?
30
What is the remainder when 215 is divided by (-12052)/(-138) - 4/(-6) - -4?
31
Suppose -2*p + 3*h = -5, 0*p - 4*p = 3*h - 19. Calculate the remainder when 146 is divided by ((-5)/p)/(9/12)*-18.
26
Suppose 0 = 4*g + 4*w + 240, 62 = -4*g + w - 198. Let t = g + 90. Calculate the remainder when 102 is divided by t.
24
Suppose -52*n + 53*n - 318 = 0. Suppose 5*x - 3*x = n. Calculate the remainder when x is divided by 32.
31
Suppose -2*n = 5*o - 62, 5*n + 34 = 5*o + 189. Calculate the remainder when 92 is divided by n.
30
Let i(p) = 38*p + 1. Let w(x) = 3*x + 5. Let a be w(-2). What is the remainder when i(1) is divided by 11 + (0/a - 1)?
9
Let b = -129 + 316. What is the remainder when 191 is divided by b?
4
Suppose 9*k = 66 + 249. Let c = -45 + k. What is the remainder when 40 is divided by c/15 + 35/3?
7
Let d(z) = 9*z - 8. Let o be d(2). Let g = o - 7. Suppose -4*q + 14 = 2*y, -g*q = -3*y - 2*y + 61. Calculate the remainder when 41 is divided by y.
8
Let c = -163 + 176. Let d = -25 - -152. Suppose -5*s + 382 - d = 0. What is the remainder when s is divided by c?
12
Suppose -3*h - 5*r = -2*h + 22, 0 = -3*h - 3*r - 6. Suppose -h*c + 505 = 133. What is the remainder when c is divided by 25?
24
Calculate the remainder when 4/6*(198 + 6) is divided by 35.
31
Let f = -1128 - -1147. What is the remainder when 150 is divided by f?
17
Suppose w = 9*y - 4*y + 196, -3*y = 4*w - 830. What is the remainder when w is divided by 35?
31
What is the remainder when 7 - 6 - (0 - 58) is divided by 21?
17
Suppose -5 = -5*h - 2*q, 0 = h - 3*h + 4*q + 26. Suppose p - 16 = -3*p + 4*n, 0 = 2*p + n - 23. Let a = -4 + p. Calculate the remainder when a is divided by h.
2
Let k be (76/16 - 6/(-24)) + -5. Let w be (2 - 1)*(292 - -2). Suppose k*v - w = -3*v. Calculate the remainder when v is divided by 25.
23
Let w = 636 + -603. Calculate the remainder when 118 is divided by w.
19
Suppose -2*u - 5*l - 5 = 0, -3*l - 3 = -u + 6*u. Suppose 0 = -4*y - u*y + 44. What is the remainder when (-6)/(-2) - (-38 + -2) is divided by y?
10
Let z(a) = -a**3 - 4*a**2 - 4*a - 1. Let x be z(-3). Suppose 36 = 2*f + p + 2*p, -x*p - 88 = -4*f. Calculate the remainder when f is divided by 5.
1
Suppose 4*f = -0*f + 152. Suppose 0*g = -g + 10. Calculate the remainder when f is divided by g.
8
Let f(g) = -g**3 - 10*g**2 - 5*g - 15. Let a be (-5)/(20/(-8) + 2). Let z be (1 + 2)/((-3)/a). What is the remainder when f(z) is divided by 12?
11
Let j(q) = -2*q**2 + 3*q**2 - 3*q + 0*q**2 - 2 - 2. Let r(p) = p**3 - p**2 + 4. What is the remainder when r(3) is divided by j(5)?
4
Let n(p) = -p + 12. Let j be 120/(-3)*77/14. Let h = -210 - j. Calculate the remainder when h is divided by n(6).
4
Suppose -10*d - 65 = 15. Let o(b) = -b**2 - 11*b - 12. What is the remainder when 141 is divided by o(d)?
9
Suppose 22*x = 24*x - 102. What is the remainder when x is divided by 11?
7
Let i(k) = k**3 + 5*k**2 - 42*k - 17. What is the remainder when 141 is divided by i(-9)?
30
Suppose -86*d + 81*d = -630. Let z = d - 117. What is the remainder when 18 is divided by z?
0
Suppose -8 = -2*k, k - 29 - 11 = -4*d. What is the remainder when (164/(-6))/(26/(-39)) is divided by d?
5
Let w(z) = -6*z + 1. What is the remainder when 111 is divided by w(-2)?
7
Let t(v) = v**3 - 39*v**2 + 43*v + 17. Calculate the remainder when 425 is divided by t(38).
11
Let r(k) = k**3 + 7*k**2 - 4*k + 7. Suppose -5 = 5*p + 45. Let x = p - -4. What is the remainder when r(x) is divided by 14?
11
Suppose -4*m - 849 = -4*j - 5*m, 4*j - m = 847. Calculate the remainder when j is divided by 81.
50
What is the remainder when 58 is divided by (-6)/(-18)*480/(7 - 2)?
26
Let y(w) = 3*w**2 - 3. Let v(m) = 4*m**2 - 23*m + 13. What is the remainder when y(-5) is divided by v(6)?
15
Let l = 9 + 12. Suppose -l = 3*c - 24. Suppose -4*m + 136 = -4*j, 4 = -j + c. What is the remainder when m is divided by 16?
15
Let y(f) = 11 + 2 - 2 - f**2 - 8*f. Calculate the remainder when 90 is divided by y(-6).
21
Let s = 26 - 16. Suppose 2*j + s = 3*j + 2*g, 0 = -3*j + 2*g + 14. Let l(f) = -f**3 + 11*f**2 - 11*f + 12. Calculate the remainder when j is divided by l(10).
0
Suppose -3*d - 3*z + 6 = 0, -2*d - 4*z = d -